{"id":17024,"date":"2022-03-17T13:20:24","date_gmt":"2022-03-17T13:20:24","guid":{"rendered":"https:\/\/www.klarairosa.com\/?page_id=17024"},"modified":"2022-03-28T12:31:09","modified_gmt":"2022-03-28T12:31:09","slug":"zenski-glasovi","status":"publish","type":"page","link":"https:\/\/www.klarairosa.com\/en\/zenski-glasovi\/","title":{"rendered":"Women's Voices"},"content":{"rendered":"<div class=\"wpb-content-wrapper\"><div      class=\"vc_row wpb_row section vc_row-fluid\" style=' text-align:left;'><div class=\"full_section_inner clearfix\"><div class=\"wpb_column vc_column_container vc_col-sm-12\"><div class=\"vc_column-inner\"><div class=\"wpb_wrapper\"><div class=\"qode-news-holder qode-layout1 qode-news-pag-standard qode-news-columns-3 qode-nl-small-space qode-center-alignment\"  data-post-status=\"publish\" data-category-name=\"zenski-glasovi\" data-ignore-sticky-posts=\"1\" data-orderby=\"date\" data-posts-per-page=\"9\" data-sort=\"latest\" data-paged=\"1\" data-max-num-pages=\"1\" data-next-page=\"2\" data-title-tag=\"h5\" data-image-size=\"portfolio-landscape\" data-display-categories=\"no\" data-display-excerpt=\"no\" data-display-date=\"yes\" data-date-format=\"published\" data-display-author=\"no\" data-display-share=\"no\" data-display-hot-trending-icons=\"no\" data-pagination-numbers-amount=\"3\" data-layout=\"qode_layout1\"><div class=\"qode-news-list-inner-holder\" data-number-of-items=\"3\"><div class=\"qode-news-item qode-layout1-item\">\n\t\t<div class=\"qode-news-item-image-holder\">\n\t\t\t<div class=\"qode-post-image\">\n\t    <a itemprop=\"url\" href=\"https:\/\/www.klarairosa.com\/en\/radio-plac-zenski-glasovi-ii-mare1979\/\" title=\"Radio Plac Subotica \/ Women&#039;s Voices: (Mare,1979)\">\n                        <img fetchpriority=\"high\" decoding=\"async\" width=\"800\" height=\"600\" src=\"https:\/\/www.klarairosa.com\/wp-content\/uploads\/2022\/01\/Zenski-glasovi-Vanja-nasl-800x600.jpg\" class=\"attachment-portfolio-landscape size-portfolio-landscape wp-post-image\" alt=\"\" \/>            \t    <\/a>\n\t<\/div>\n        <div class=\"qode-news-image-info-holder-left\">\n\t\t\t        <\/div>\n        <div class=\"qode-news-image-info-holder-right\">\n\t\t\t\t\t<\/div>\n\t<\/div>\n    \t<div class=\"qode-ni-content\">\n        \t\t\n<h5 itemprop=\"name\" class=\"entry-title qode-post-title\">\n    <a itemprop=\"url\" href=\"https:\/\/www.klarairosa.com\/en\/radio-plac-zenski-glasovi-ii-mare1979\/\" title=\"Radio Plac Subotica \/ Women&#039;s Voices: (Mare,1979)\">\n        Radio Plac Subotica \/ Women's Voices: (Mare,1979)    <\/a>\n<\/h5>\t\t\t\t\t<div itemprop=\"dateCreated\" class=\"qode-post-info-date entry-date published updated\">\n\t    \t        <a itemprop=\"url\" href=\"https:\/\/www.klarairosa.com\/en\/2022\/05\/\">\n\t            <i class=\"dripicons-alarm\"><\/i>\n    \t16\/05\/2022        <\/a>\n\t    <meta itemprop=\"interactionCount\" content=\"UserComments: 0\"\/>\n\t<\/div>\n        \t<\/div>\n<\/div><div class=\"qode-news-item qode-layout1-item\">\n\t\t<div class=\"qode-news-item-image-holder\">\n\t\t\t<div class=\"qode-post-image\">\n\t    <a itemprop=\"url\" href=\"https:\/\/www.klarairosa.com\/en\/zenski-glasovi-razgovor-i-izlozba\/\" title=\"Women&#039;s Voices - Conversation and Exhibition\">\n                        <img decoding=\"async\" width=\"576\" height=\"432\" src=\"https:\/\/www.klarairosa.com\/wp-content\/uploads\/2021\/08\/zenski.jpg\" class=\"attachment-portfolio-landscape size-portfolio-landscape wp-post-image\" alt=\"\" srcset=\"https:\/\/www.klarairosa.com\/wp-content\/uploads\/2021\/08\/zenski.jpg 576w, https:\/\/www.klarairosa.com\/wp-content\/uploads\/2021\/08\/zenski-300x225.jpg 300w\" sizes=\"(max-width: 576px) 100vw, 576px\" \/>            \t    <\/a>\n\t<\/div>\n        <div class=\"qode-news-image-info-holder-left\">\n\t\t\t        <\/div>\n        <div class=\"qode-news-image-info-holder-right\">\n\t\t\t\t\t<\/div>\n\t<\/div>\n    \t<div class=\"qode-ni-content\">\n        \t\t\n<h5 itemprop=\"name\" class=\"entry-title qode-post-title\">\n    <a itemprop=\"url\" href=\"https:\/\/www.klarairosa.com\/en\/zenski-glasovi-razgovor-i-izlozba\/\" title=\"Women&#039;s Voices - Conversation and Exhibition\">\n        \u017denski glasovi &#8211; Razgovor i izlo\u017eba    <\/a>\n<\/h5>\t\t\t\t\t<div itemprop=\"dateCreated\" class=\"qode-post-info-date entry-date published updated\">\n\t    \t        <a itemprop=\"url\" href=\"https:\/\/www.klarairosa.com\/en\/2021\/08\/\">\n\t            <i class=\"dripicons-alarm\"><\/i>\n    \t07\/08\/2021        <\/a>\n\t    <meta itemprop=\"interactionCount\" content=\"UserComments: 0\"\/>\n\t<\/div>\n        \t<\/div>\n<\/div><div class=\"qode-news-item qode-layout1-item\">\n\t\t<div class=\"qode-news-item-image-holder\">\n\t\t\t<div class=\"qode-post-image\">\n\t    <a itemprop=\"url\" href=\"https:\/\/www.klarairosa.com\/en\/zenski-glasovi\/\" title=\"Women&#039;s Voices\">\n                        <img decoding=\"async\" width=\"800\" height=\"600\" src=\"https:\/\/www.klarairosa.com\/wp-content\/uploads\/2022\/02\/logo-zg-800x600.jpg\" class=\"attachment-portfolio-landscape size-portfolio-landscape wp-post-image\" alt=\"\" \/>            \t    <\/a>\n\t<\/div>\n        <div class=\"qode-news-image-info-holder-left\">\n\t\t\t        <\/div>\n        <div class=\"qode-news-image-info-holder-right\">\n\t\t\t\t\t<\/div>\n\t<\/div>\n    \t<div class=\"qode-ni-content\">\n        \t\t\n<h5 itemprop=\"name\" class=\"entry-title qode-post-title\">\n    <a itemprop=\"url\" href=\"https:\/\/www.klarairosa.com\/en\/zenski-glasovi\/\" title=\"Women&#039;s Voices\">\n        Women's Voices    <\/a>\n<\/h5>\t\t\t\t\t<div itemprop=\"dateCreated\" class=\"qode-post-info-date entry-date published updated\">\n\t    \t        <a itemprop=\"url\" href=\"https:\/\/www.klarairosa.com\/en\/2021\/06\/\">\n\t            <i class=\"dripicons-alarm\"><\/i>\n    \t25\/06\/2021        <\/a>\n\t    <meta itemprop=\"interactionCount\" content=\"UserComments: 0\"\/>\n\t<\/div>\n        \t<\/div>\n<\/div><\/div><\/div><div class=\"vc_empty_space\"  style=\"height: 80px\" >\n\t<span class=\"vc_empty_space_inner\">\n\t\t<span class=\"empty_space_image\"  ><\/span>\n\t<\/span>\n<\/div><\/div><\/div><\/div><\/div><\/div>\n<\/div>","protected":false},"excerpt":{"rendered":"<p>Projekat\u00a0\u201e\u017denski glasovi\u201c\u00a0osmi\u0161ljen je sa ciljem da se zabele\u017ee i arhiviraju zvu\u010dni zapisi o sudbinama i...<\/p>","protected":false},"author":1,"featured_media":0,"parent":0,"menu_order":0,"comment_status":"closed","ping_status":"closed","template":"","meta":{"content-type":"","inline_featured_image":false,"footnotes":""},"class_list":["post-17024","page","type-page","status-publish","hentry"],"yoast_head":"<!-- This site is optimized with the Yoast SEO plugin v27.5 - https:\/\/yoast.com\/product\/yoast-seo-wordpress\/ -->\n<title>\u017denski glasovi - Klara i Rosa<\/title>\n<meta name=\"robots\" content=\"index, follow, max-snippet:-1, max-image-preview:large, max-video-preview:-1\" \/>\n<link rel=\"canonical\" href=\"https:\/\/www.klarairosa.com\/en\/zenski-glasovi\/\" \/>\n<meta property=\"og:locale\" content=\"en_GB\" \/>\n<meta property=\"og:type\" content=\"article\" \/>\n<meta property=\"og:title\" content=\"\u017denski glasovi - Klara i Rosa\" \/>\n<meta property=\"og:url\" content=\"https:\/\/www.klarairosa.com\/en\/zenski-glasovi\/\" \/>\n<meta property=\"og:site_name\" content=\"Klara i Rosa\" \/>\n<meta property=\"article:publisher\" content=\"https:\/\/www.facebook.com\/klarairosa\/\" \/>\n<meta property=\"article:modified_time\" content=\"2022-03-28T12:31:09+00:00\" \/>\n<meta name=\"twitter:card\" content=\"summary_large_image\" \/>\n<script type=\"application\/ld+json\" class=\"yoast-schema-graph\">{\"@context\":\"https:\\\/\\\/schema.org\",\"@graph\":[{\"@type\":\"WebPage\",\"@id\":\"https:\\\/\\\/www.klarairosa.com\\\/zenski-glasovi\\\/\",\"url\":\"https:\\\/\\\/www.klarairosa.com\\\/zenski-glasovi\\\/\",\"name\":\"\u017denski glasovi - Klara i Rosa\",\"isPartOf\":{\"@id\":\"https:\\\/\\\/www.klarairosa.com\\\/en\\\/#website\"},\"datePublished\":\"2022-03-17T13:20:24+00:00\",\"dateModified\":\"2022-03-28T12:31:09+00:00\",\"breadcrumb\":{\"@id\":\"https:\\\/\\\/www.klarairosa.com\\\/zenski-glasovi\\\/#breadcrumb\"},\"inLanguage\":\"en-GB\",\"potentialAction\":[{\"@type\":\"ReadAction\",\"target\":[\"https:\\\/\\\/www.klarairosa.com\\\/zenski-glasovi\\\/\"]}]},{\"@type\":\"BreadcrumbList\",\"@id\":\"https:\\\/\\\/www.klarairosa.com\\\/zenski-glasovi\\\/#breadcrumb\",\"itemListElement\":[{\"@type\":\"ListItem\",\"position\":1,\"name\":\"Home\",\"item\":\"https:\\\/\\\/www.klarairosa.com\\\/\"},{\"@type\":\"ListItem\",\"position\":2,\"name\":\"\u017denski glasovi\"}]},{\"@type\":\"WebSite\",\"@id\":\"https:\\\/\\\/www.klarairosa.com\\\/en\\\/#website\",\"url\":\"https:\\\/\\\/www.klarairosa.com\\\/en\\\/\",\"name\":\"Klara i Rosa\",\"description\":\"Klara i Rosa\",\"publisher\":{\"@id\":\"https:\\\/\\\/www.klarairosa.com\\\/en\\\/#organization\"},\"potentialAction\":[{\"@type\":\"SearchAction\",\"target\":{\"@type\":\"EntryPoint\",\"urlTemplate\":\"https:\\\/\\\/www.klarairosa.com\\\/en\\\/?s={search_term_string}\"},\"query-input\":{\"@type\":\"PropertyValueSpecification\",\"valueRequired\":true,\"valueName\":\"search_term_string\"}}],\"inLanguage\":\"en-GB\"},{\"@type\":\"Organization\",\"@id\":\"https:\\\/\\\/www.klarairosa.com\\\/en\\\/#organization\",\"name\":\"Klara i Rosa\",\"url\":\"https:\\\/\\\/www.klarairosa.com\\\/en\\\/\",\"logo\":{\"@type\":\"ImageObject\",\"inLanguage\":\"en-GB\",\"@id\":\"https:\\\/\\\/www.klarairosa.com\\\/en\\\/#\\\/schema\\\/logo\\\/image\\\/\",\"url\":\"https:\\\/\\\/www.klarairosa.com\\\/wp-content\\\/uploads\\\/2022\\\/01\\\/logo.svg\",\"contentUrl\":\"https:\\\/\\\/www.klarairosa.com\\\/wp-content\\\/uploads\\\/2022\\\/01\\\/logo.svg\",\"width\":110,\"height\":139,\"caption\":\"Klara i Rosa\"},\"image\":{\"@id\":\"https:\\\/\\\/www.klarairosa.com\\\/en\\\/#\\\/schema\\\/logo\\\/image\\\/\"},\"sameAs\":[\"https:\\\/\\\/www.facebook.com\\\/klarairosa\\\/\",\"https:\\\/\\\/www.instagram.com\\\/ugklarairosa\\\/\"]}]}<\/script>\n<!-- \/ Yoast SEO plugin. -->","yoast_head_json":{"title":"\u017denski glasovi - Klara i Rosa","robots":{"index":"index","follow":"follow","max-snippet":"max-snippet:-1","max-image-preview":"max-image-preview:large","max-video-preview":"max-video-preview:-1"},"canonical":"https:\/\/www.klarairosa.com\/en\/zenski-glasovi\/","og_locale":"en_GB","og_type":"article","og_title":"\u017denski glasovi - Klara i Rosa","og_url":"https:\/\/www.klarairosa.com\/en\/zenski-glasovi\/","og_site_name":"Klara i Rosa","article_publisher":"https:\/\/www.facebook.com\/klarairosa\/","article_modified_time":"2022-03-28T12:31:09+00:00","twitter_card":"summary_large_image","schema":{"@context":"https:\/\/schema.org","@graph":[{"@type":"WebPage","@id":"https:\/\/www.klarairosa.com\/zenski-glasovi\/","url":"https:\/\/www.klarairosa.com\/zenski-glasovi\/","name":"\u017denski glasovi - Klara i Rosa","isPartOf":{"@id":"https:\/\/www.klarairosa.com\/en\/#website"},"datePublished":"2022-03-17T13:20:24+00:00","dateModified":"2022-03-28T12:31:09+00:00","breadcrumb":{"@id":"https:\/\/www.klarairosa.com\/zenski-glasovi\/#breadcrumb"},"inLanguage":"en-GB","potentialAction":[{"@type":"ReadAction","target":["https:\/\/www.klarairosa.com\/zenski-glasovi\/"]}]},{"@type":"BreadcrumbList","@id":"https:\/\/www.klarairosa.com\/zenski-glasovi\/#breadcrumb","itemListElement":[{"@type":"ListItem","position":1,"name":"Home","item":"https:\/\/www.klarairosa.com\/"},{"@type":"ListItem","position":2,"name":"\u017denski glasovi"}]},{"@type":"WebSite","@id":"https:\/\/www.klarairosa.com\/en\/#website","url":"https:\/\/www.klarairosa.com\/en\/","name":"Klara i Rosa","description":"Klara i Rosa","publisher":{"@id":"https:\/\/www.klarairosa.com\/en\/#organization"},"potentialAction":[{"@type":"SearchAction","target":{"@type":"EntryPoint","urlTemplate":"https:\/\/www.klarairosa.com\/en\/?s={search_term_string}"},"query-input":{"@type":"PropertyValueSpecification","valueRequired":true,"valueName":"search_term_string"}}],"inLanguage":"en-GB"},{"@type":"Organization","@id":"https:\/\/www.klarairosa.com\/en\/#organization","name":"Klara i Rosa","url":"https:\/\/www.klarairosa.com\/en\/","logo":{"@type":"ImageObject","inLanguage":"en-GB","@id":"https:\/\/www.klarairosa.com\/en\/#\/schema\/logo\/image\/","url":"https:\/\/www.klarairosa.com\/wp-content\/uploads\/2022\/01\/logo.svg","contentUrl":"https:\/\/www.klarairosa.com\/wp-content\/uploads\/2022\/01\/logo.svg","width":110,"height":139,"caption":"Klara i Rosa"},"image":{"@id":"https:\/\/www.klarairosa.com\/en\/#\/schema\/logo\/image\/"},"sameAs":["https:\/\/www.facebook.com\/klarairosa\/","https:\/\/www.instagram.com\/ugklarairosa\/"]}]}},"_links":{"self":[{"href":"https:\/\/www.klarairosa.com\/en\/wp-json\/wp\/v2\/pages\/17024","targetHints":{"allow":["GET"]}}],"collection":[{"href":"https:\/\/www.klarairosa.com\/en\/wp-json\/wp\/v2\/pages"}],"about":[{"href":"https:\/\/www.klarairosa.com\/en\/wp-json\/wp\/v2\/types\/page"}],"author":[{"embeddable":true,"href":"https:\/\/www.klarairosa.com\/en\/wp-json\/wp\/v2\/users\/1"}],"replies":[{"embeddable":true,"href":"https:\/\/www.klarairosa.com\/en\/wp-json\/wp\/v2\/comments?post=17024"}],"version-history":[{"count":7,"href":"https:\/\/www.klarairosa.com\/en\/wp-json\/wp\/v2\/pages\/17024\/revisions"}],"predecessor-version":[{"id":17616,"href":"https:\/\/www.klarairosa.com\/en\/wp-json\/wp\/v2\/pages\/17024\/revisions\/17616"}],"wp:attachment":[{"href":"https:\/\/www.klarairosa.com\/en\/wp-json\/wp\/v2\/media?parent=17024"}],"curies":[{"name":"wp","href":"https:\/\/api.w.org\/{rel}","templated":true}]}}

<div class="wpb-content-wrapper"><div      class="vc_row wpb_row section vc_row-fluid" style=' text-align:left;'><div class="full_section_inner clearfix"><div class="wpb_column vc_column_container vc_col-sm-12"><div class="vc_column-inner"><div class="wpb_wrapper"><div class="qode-news-holder qode-layout1 qode-news-pag-standard qode-news-columns-3 qode-nl-small-space qode-center-alignment"  data-post-status="publish" data-category-name="zenski-glasovi" data-ignore-sticky-posts="1" data-orderby="date" data-posts-per-page="9" data-sort="latest" data-paged="1" data-max-num-pages="1" data-next-page="2" data-title-tag="h5" data-image-size="portfolio-landscape" data-display-categories="no" data-display-excerpt="no" data-display-date="yes" data-date-format="published" data-display-author="no" data-display-share="no" data-display-hot-trending-icons="no" data-pagination-numbers-amount="3" data-layout="qode_layout1"><div class="qode-news-list-inner-holder" data-number-of-items="3"><div class="qode-news-item qode-layout1-item">
		<div class="qode-news-item-image-holder">
			<div class="qode-post-image">
	    <a itemprop="url" href="https://www.klarairosa.com/en/radio-plac-zenski-glasovi-ii-mare1979/" title="Radio Plac Subotica / Women&#039;s Voices: (Mare,1979)">
                        <img fetchpriority="high" decoding="async" width="800" height="600" src="https://www.klarairosa.com/wp-content/uploads/2022/01/Zenski-glasovi-Vanja-nasl-800x600.jpg" class="attachment-portfolio-landscape size-portfolio-landscape wp-post-image" alt="" />            	    </a>
	</div>
        <div class="qode-news-image-info-holder-left">
			        </div>
        <div class="qode-news-image-info-holder-right">
					</div>
	</div>
    	<div class="qode-ni-content">
        		
<h5 itemprop="name" class="entry-title qode-post-title">
    <a itemprop="url" href="https://www.klarairosa.com/en/radio-plac-zenski-glasovi-ii-mare1979/" title="Radio Plac Subotica / Women&#039;s Voices: (Mare,1979)">
        Radio Plac Subotica / Women's Voices: (Mare,1979)    </a>
</h5>					<div itemprop="dateCreated" class="qode-post-info-date entry-date published updated">
	    	        <a itemprop="url" href="https://www.klarairosa.com/en/2022/05/">
	            <i class="dripicons-alarm"></i>
    	16/05/2022        </a>
	    <meta itemprop="interactionCount" content="UserComments: 0"/>
	</div>
        	</div>
</div><div class="qode-news-item qode-layout1-item">
		<div class="qode-news-item-image-holder">
			<div class="qode-post-image">
	    <a itemprop="url" href="https://www.klarairosa.com/en/zenski-glasovi-razgovor-i-izlozba/" title="Women&#039;s Voices - Conversation and Exhibition">
                        <img decoding="async" width="576" height="432" src="https://www.klarairosa.com/wp-content/uploads/2021/08/zenski.jpg" class="attachment-portfolio-landscape size-portfolio-landscape wp-post-image" alt="" srcset="https://www.klarairosa.com/wp-content/uploads/2021/08/zenski.jpg 576w, https://www.klarairosa.com/wp-content/uploads/2021/08/zenski-300x225.jpg 300w" sizes="(max-width: 576px) 100vw, 576px" />            	    </a>
	</div>
        <div class="qode-news-image-info-holder-left">
			        </div>
        <div class="qode-news-image-info-holder-right">
					</div>
	</div>
    	<div class="qode-ni-content">
        		
<h5 itemprop="name" class="entry-title qode-post-title">
    <a itemprop="url" href="https://www.klarairosa.com/en/zenski-glasovi-razgovor-i-izlozba/" title="Women&#039;s Voices - Conversation and Exhibition">
        Ženski glasovi &#8211; Razgovor i izložba    </a>
</h5>					<div itemprop="dateCreated" class="qode-post-info-date entry-date published updated">
	    	        <a itemprop="url" href="https://www.klarairosa.com/en/2021/08/">
	            <i class="dripicons-alarm"></i>
    	07/08/2021        </a>
	    <meta itemprop="interactionCount" content="UserComments: 0"/>
	</div>
        	</div>
</div><div class="qode-news-item qode-layout1-item">
		<div class="qode-news-item-image-holder">
			<div class="qode-post-image">
	    <a itemprop="url" href="https://www.klarairosa.com/en/zenski-glasovi/" title="Women&#039;s Voices">
                        <img decoding="async" width="800" height="600" src="https://www.klarairosa.com/wp-content/uploads/2022/02/logo-zg-800x600.jpg" class="attachment-portfolio-landscape size-portfolio-landscape wp-post-image" alt="" />            	    </a>
	</div>
        <div class="qode-news-image-info-holder-left">
			        </div>
        <div class="qode-news-image-info-holder-right">
					</div>
	</div>
    	<div class="qode-ni-content">
        		
<h5 itemprop="name" class="entry-title qode-post-title">
    <a itemprop="url" href="https://www.klarairosa.com/en/zenski-glasovi/" title="Women&#039;s Voices">
        Women's Voices    </a>
</h5>					<div itemprop="dateCreated" class="qode-post-info-date entry-date published updated">
	    	        <a itemprop="url" href="https://www.klarairosa.com/en/2021/06/">
	            <i class="dripicons-alarm"></i>
    	25/06/2021        </a>
	    <meta itemprop="interactionCount" content="UserComments: 0"/>
	</div>
        	</div>
</div></div></div><div class="vc_empty_space"  style="height: 80px" >
	<span class="vc_empty_space_inner">
		<span class="empty_space_image"  ></span>
	</span>
</div></div></div></div></div></div>
</div>

<p>Projekat „Ženski glasovi“ osmišljen je sa ciljem da se zabeleže i arhiviraju zvučni zapisi o sudbinama i...</p>

<!-- This site is optimized with the Yoast SEO plugin v27.5 - https://yoast.com/product/yoast-seo-wordpress/ -->
<title>Ženski glasovi - Klara i Rosa</title>
<meta name="robots" content="index, follow, max-snippet:-1, max-image-preview:large, max-video-preview:-1" />
<link rel="canonical" href="https://www.klarairosa.com/en/zenski-glasovi/" />
<meta property="og:locale" content="en_GB" />
<meta property="og:type" content="article" />
<meta property="og:title" content="Ženski glasovi - Klara i Rosa" />
<meta property="og:url" content="https://www.klarairosa.com/en/zenski-glasovi/" />
<meta property="og:site_name" content="Klara i Rosa" />
<meta property="article:publisher" content="https://www.facebook.com/klarairosa/" />
<meta property="article:modified_time" content="2022-03-28T12:31:09+00:00" />
<meta name="twitter:card" content="summary_large_image" />
<script type="application/ld+json" class="yoast-schema-graph">{"@context":"https:\/\/schema.org","@graph":[{"@type":"WebPage","@id":"https:\/\/www.klarairosa.com\/zenski-glasovi\/","url":"https:\/\/www.klarairosa.com\/zenski-glasovi\/","name":"Ženski glasovi - Klara i Rosa","isPartOf":{"@id":"https:\/\/www.klarairosa.com\/en\/#website"},"datePublished":"2022-03-17T13:20:24+00:00","dateModified":"2022-03-28T12:31:09+00:00","breadcrumb":{"@id":"https:\/\/www.klarairosa.com\/zenski-glasovi\/#breadcrumb"},"inLanguage":"en-GB","potentialAction":[{"@type":"ReadAction","target":["https:\/\/www.klarairosa.com\/zenski-glasovi\/"]}]},{"@type":"BreadcrumbList","@id":"https:\/\/www.klarairosa.com\/zenski-glasovi\/#breadcrumb","itemListElement":[{"@type":"ListItem","position":1,"name":"Home","item":"https:\/\/www.klarairosa.com\/"},{"@type":"ListItem","position":2,"name":"Ženski glasovi"}]},{"@type":"WebSite","@id":"https:\/\/www.klarairosa.com\/en\/#website","url":"https:\/\/www.klarairosa.com\/en\/","name":"Klara i Rosa","description":"Klara i Rosa","publisher":{"@id":"https:\/\/www.klarairosa.com\/en\/#organization"},"potentialAction":[{"@type":"SearchAction","target":{"@type":"EntryPoint","urlTemplate":"https:\/\/www.klarairosa.com\/en\/?s={search_term_string}"},"query-input":{"@type":"PropertyValueSpecification","valueRequired":true,"valueName":"search_term_string"}}],"inLanguage":"en-GB"},{"@type":"Organization","@id":"https:\/\/www.klarairosa.com\/en\/#organization","name":"Klara i Rosa","url":"https:\/\/www.klarairosa.com\/en\/","logo":{"@type":"ImageObject","inLanguage":"en-GB","@id":"https:\/\/www.klarairosa.com\/en\/#\/schema\/logo\/image\/","url":"https:\/\/www.klarairosa.com\/wp-content\/uploads\/2022\/01\/logo.svg","contentUrl":"https:\/\/www.klarairosa.com\/wp-content\/uploads\/2022\/01\/logo.svg","width":110,"height":139,"caption":"Klara i Rosa"},"image":{"@id":"https:\/\/www.klarairosa.com\/en\/#\/schema\/logo\/image\/"},"sameAs":["https:\/\/www.facebook.com\/klarairosa\/","https:\/\/www.instagram.com\/ugklarairosa\/"]}]}</script>
<!-- / Yoast SEO plugin. -->

Ženski glasovi - Klara i Rosa

Ženski glasovi
